c = w - 14, 0*w - 5*w = 5*c - 70. What is the units digit of d(w)?
2
Let v be (-4 - -8) + -4 + 3. Suppose -3*z = -v*c - 21, -2*z + 3 - 5 = 2*c. Suppose -z*y - 139 = -421. What is the units digit of y?
4
Let n(f) = -3*f**3 + 2*f**2 + 20*f + 12. Let h(t) = 3*t + 2. Let i be h(-2). What is the hundreds digit of n(i)?
1
Suppose h + 5*a = -2*h + 104, 2*a + 4 = 0. Suppose -5*o + 4*y = 8, -o - 2*y = 3 - 7. Suppose v + h - 135 = o. What is the units digit of v?
7
Suppose l + 45 + 171 = 0. Let y = 542 + l. What is the tens digit of y?
2
Suppose -3*j = 5*g + 1247, -568 - 177 = 3*g + 5*j. Let u = 382 + g. What is the tens digit of u?
3
Let h(t) = t**2 - 66*t + 124. Let r(y) = -y**2 + 65*y - 123. Let z(p) = 6*h(p) + 7*r(p). What is the tens digit of z(42)?
9
Suppose -4*z - 3*i - 1565 = -6737, 0 = 5*z + i - 6454. What is the units digit of z?
0
Let v = 185 - 42. Suppose -5*x + 1688 = v. What is the hundreds digit of x?
3
What is the hundreds digit of -11 + 3 - 4 - -1125?
1
Let d(x) = 51*x**3 - 10*x**2 - 59*x + 349. What is the units digit of d(7)?
9
Suppose 0 = -2*d - 0*d + 24. Suppose z + d = 17. What is the units digit of 2 + -1 + (152 - (4 - z))?
4
Let z be 8/48 + (-5)/(120/28). What is the tens digit of (4 - -220) + 4 - z?
2
Let v = -303 - -524. Let x = v - 3427. What is the tens digit of (-26)/(-195) + x/(-30)?
0
Suppose 1 = -4*f - 3*m, 2*f = 3*f - 2*m - 8. Suppose 4*l + 5*i - f*i + 1 = 0, -i = 2*l - 1. What is the tens digit of (87/4)/(l/8)?
8
Let d be 8/(-3)*9/(-6). Let x(n) = n - 2. Let k be x(d). Suppose -5*l = 0, 66 = f - 4*l + k*l. What is the units digit of f?
6
Let i be 1 - (-14 + 0) - 0. Suppose -59 + 266 = -23*v. Let h = v + i. What is the units digit of h?
6
Suppose 7*b = 32 - 11. Suppose 0 = -b*y - d - 4*d + 83, -y - 4*d + 37 = 0. What is the hundreds digit of 4026/y - 1*(-6)/21?
1
Let f(s) = 78*s**2 + 2*s + 2. Let l be f(-1). Let a = 162 - l. Let m = -38 + a. What is the tens digit of m?
4
Let s = 496 - -180. Let x = s - 295. What is the hundreds digit of x?
3
Suppose 3*i - 1899 = -111*v + 109*v, -995 = -v + 5*i. What is the units digit of v?
0
Let j = 392 + -950. Let c = j - -1240. What is the tens digit of c?
8
Suppose 23002 + 1737 = p + 2*w, -74181 = -3*p - 12*w. What is the tens digit of p?
5
Let k(q) = 12*q**2 - 547*q + 10. What is the tens digit of k(70)?
2
Let i(u) = u**3 + 11*u**2 - u. Let g(w) = 4*w**3 - 2*w**2 + 2*w + 4. Let q be g(-2). Let v be (0 + -9 + -1)*(-20)/q. What is the units digit of i(v)?
5
Let u = 24 - 24. Suppose u = p - 4*p + 54. Let m = 76 - p. What is the tens digit of m?
5
Let y(q) be the third derivative of -q**4/3 - 17*q**3/6 - 4*q**2. Let j = 231 - 236. What is the tens digit of y(j)?
2
What is the units digit of (-47556)/(-10) - 0 - 136/(-340)?
6
Let u(o) = 109*o**3 - o**2 + 1. Suppose 0 = -2*m - 4*h - 12, -m + 2*m + 3*h = -7. Let s be ((-1)/m)/(-1) - 35/(-28). What is the tens digit of u(s)?
0
Let g(p) = 14*p + 23. Let b(d) = 77*d + 126. Let r(z) = 5*b(z) - 28*g(z). Let l be r(10). What is the units digit of (28/l)/(2/(-786))?
1
Let u(j) = 35*j**2 + 34*j - 1. Suppose -4*q - 9 + 3 = -2*g, -3*q = 9. What is the hundreds digit of u(g)?
2
Let k(n) = -2*n**2 - 10*n + 4. Let y be k(-8). Let a be 3/((-115)/59 + 2). Let p = a + y. What is the units digit of p?
5
Let y(r) = -r**3 - 17*r**2 + 31*r + 46. Let a be y(-20). Let h = a + 169. What is the hundreds digit of h?
7
Let j(g) be the first derivative of -g**4/4 + 11*g**3 + 21*g**2/2 - g + 86. What is the units digit of j(33)?
2
What is the tens digit of (-49)/((-2)/(-16) - (-1606)/(-11440))?
8
Let z(o) = -5536*o + 48. Let w be z(-6). Suppose -27*g + 9*g + w = 0. What is the units digit of g?
8
Suppose 0 = -5*h - 2*b + 3*b - 4, 4*h = 4*b. Let z be 4 + (h - 2) + 4. Suppose q - 5 = 0, 2*u + 10*q - 131 = z*q. What is the units digit of u?
3
Let b = 3626 - 2514. What is the thousands digit of b?
1
Suppose -k - 18*k + 140247 - 29458 = 0. What is the hundreds digit of k?
8
Let l(d) = 6*d**2 - d + 45. Let a be l(-5). What is the thousands digit of ((-114)/8)/((-1)/a*2)?
1
What is the units digit of 1483*2*(-2361)/(-1574)?
9
Suppose 0 = -24*m + 21*m + 18. Suppose -m*s = -s - 2735. What is the tens digit of s?
4
Let s(x) = 212*x - 58. Suppose 77 = 22*p - 55. What is the units digit of s(p)?
4
What is the thousands digit of (24/(-18))/((-1)/(-6)) + 7795?
7
Suppose 7*h - 664 = 3*o + 3*h, 5*h + 215 = -o. Let w = 424 + o. What is the tens digit of w?
0
Let h(i) = 6*i - 7. Let z(t) = t**3 - 17*t**2 - 15*t - 50. Let v be z(18). What is the tens digit of h(v)?
1
Let k = -86 + 88. Suppose -k*p = 3*w + 433 - 2224, -2706 = -3*p + 2*w. What is the tens digit of p?
0
Let v(a) = a**3 + 5*a**2 - 10*a - 51. Let x be v(-6). What is the hundreds digit of (-5169)/x*3 + 38/57?
5
Suppose -a = -2*m - 541, -8*a + 7*a + 5*m = -556. Let c = a - -115. What is the hundreds digit of c?
6
Let a(w) = -399*w - 56. What is the units digit of a(-23)?
1
Let z = -19496 - -29081. What is the thousands digit of z?
9
Suppose o - 5*t = -55, -2*t = -5*o + 2*t - 170. What is the hundreds digit of o/9*(-113 + 2)?
3
Let q(g) = -20*g**3 - 10*g**2 + 28*g + 157. What is the units digit of q(-6)?
9
Let r(t) = -6*t**2 + 17*t + 6. Let u be r(3). Suppose -w = u*l - 1669, 0*w - 5*w - 1699 = -3*l. What is the hundreds digit of l?
5
Suppose 0 = -1096*r + 1060*r + 136548. What is the hundreds digit of r?
7
Suppose -4*z + 2*p = 28 - 12, 5*p - 26 = 3*z. Suppose -13 = s + 3*g, 0 = 2*g + g + 12. What is the units digit of (z - -150)/2 - s?
5
Let b(g) = -1678*g + 1895. What is the units digit of b(-17)?
1
Suppose 0 = 114*y - 289*y + 5310900. What is the thousands digit of y?
0
Suppose 47*y = 42*y - 45, -3*y = -3*b + 262602. What is the tens digit of b?
2
Let p be 14/(-5 + 7 + -1). Suppose -p*h + 0*h = -4004. What is the hundreds digit of h?
2
Suppose -4*l = -3*z - 144, 2*z + 4*l = 5*l - 91. Let k = 45 + z. Let q(u) = 64*u**3 + u**2 - u + 1. What is the tens digit of q(k)?
6
Let h(l) = 319*l - 537. What is the tens digit of h(8)?
1
Suppose -p = 23 - 8. Let n be ((-5)/p)/(2/6246). Suppose -9*s - 51 = -n. What is the units digit of s?
0
Suppose 5*i - 18938 + 1574 = 2*a, -4*a - 6952 = -2*i. What is the thousands digit of i?
3
Suppose 13*s + 2*y - 95532 = 0, -4*y = -2*s + 3500 + 11180. What is the units digit of s?
8
Let d = -95 + 97. Suppose d*v - 30 - 28 = -5*i, -2*i = 2*v - 64. What is the units digit of v?
4
Suppose 7*u - 4*u - 75 = -j, -3*j + 230 = 4*u. Let q = j - 68. Suppose 517 = q*x - 793. What is the tens digit of x?
3
Suppose 3*y + 4 = 2*d - 0, -8 = -4*d + 5*y. Let q be 4/(-6) - d*4/(-12). What is the units digit of 1047/9 - ((-1)/(-3) - q)?
6
Let a = 15 + -9. Let y(m) = 2*m + 3*m + 2*m**2 + 4*m**2 + 1 - a. What is the units digit of y(5)?
0
Suppose 16883 + 66344 = 14*y - 88791. What is the tens digit of y?
8
Suppose -4*n = 7*n - 44. Suppose 0 = -n*x - 4*x + 664. Suppose z - x = -2*z + 4*o, 5*z + 4*o = 117. What is the tens digit of z?
2
Let b(h) = 11*h**2 - 10*h - 4. Let v(l) = 4*l + 52. Let n be v(-10). What is the tens digit of b(n)?
6
Let t(y) = 4*y + 34. Let j = -29 - -21. Let q be t(j). What is the units digit of (-3 - (-50)/6)/(q/45)?
0
What is the hundreds digit of (-21)/((-3024)/18008) + 2/(-36)?
1
Let s(x) = -3*x**3 - x**2 + 6*x - 5. Let p be s(-3). What is the units digit of ((-30)/105)/((-1)/p)?
4
Let h = -243 + 242. Let g(k) = -731*k**3 + 4*k**2 + 6*k + 2. What is the units digit of g(h)?
1
What is the units digit of ((80/3)/(-4))/((48/5571)/(-8))?
0
Let z(v) = 2*v + 16. Let p be z(-9). Let b be p/2 + -1 + 183. Suppose -2*j + 70 = -2*a - 0*a, -b = -5*j + 2*a. What is the tens digit of j?
3
Let w(f) = f**3 + 67*f**2 + 20*f - 77. What is the tens digit of w(-64)?
3
Suppose 0 = 3*k - 4 + 16, -3*k = -o + 12. Suppose o*h + 1536 = 3*b - 4*h, 4*h = b - 512. What is the hundreds digit of b?
5
Suppose -3*r - u + 33634 = 0, 0 = -38*r + 31*r + 2*u + 78475. What is the hundreds digit of r?
2
Let i be (4/(-18)*-6)/(21/126). Suppose i*x = 12*x - 4888. Suppose -794 - x = -9*p. What is the tens digit of p?
2
Let q(y) = y**3 + 5*y**2 - 8*y - 4. Let o be q(-6). Suppose 2*i = -o, -i + 59 - 199 = -2*p. Let j = -64 + p. What is the units digit of j?
4
Let j(t) = 4*t**3 - 6*t**2 + 2*t + 16. Let o = 11 + -7. Let f be j(o). Let a